ate the highest common divisor of 1032 and 2709.
129
Calculate the greatest common divisor of 30 and 645.
15
What is the highest common factor of 1397 and 11?
11
Calculate the greatest common divisor of 4149 and 3.
3
Calculate the highest common factor of 11056 and 16.
16
What is the greatest common factor of 427 and 366?
61
Calculate the greatest common divisor of 159 and 424.
53
Calculate the greatest common factor of 20 and 54.
2
Calculate the highest common divisor of 29 and 58.
29
Calculate the highest common factor of 14 and 2506.
14
Calculate the highest common factor of 162 and 2322.
54
What is the greatest common factor of 950 and 171?
19
Calculate the highest common divisor of 95 and 2.
1
Calculate the greatest common divisor of 3240 and 3720.
120
What is the highest common factor of 28 and 4?
4
Calculate the greatest common divisor of 175 and 7000.
175
Calculate the greatest common factor of 52 and 16.
4
Calculate the greatest common factor of 24 and 1752.
24
What is the greatest common divisor of 3311 and 215?
43
What is the highest common factor of 40 and 65?
5
What is the highest common factor of 51 and 561?
51
Calculate the highest common divisor of 5 and 34.
1
Calculate the greatest common divisor of 225 and 275.
25
Calculate the greatest common factor of 2198 and 14.
14
Calculate the highest common factor of 576 and 4800.
192
What is the greatest common factor of 4123 and 171?
19
What is the highest common divisor of 7049 and 91?
7
What is the greatest common divisor of 4371 and 93?
93
What is the highest common factor of 2997 and 729?
81
Calculate the highest common divisor of 465 and 11005.
155
What is the highest common factor of 216 and 81?
27
What is the greatest common factor of 375 and 120?
15
What is the greatest common divisor of 168 and 120?
24
What is the greatest common factor of 77 and 2849?
77
Calculate the highest common divisor of 1064 and 56.
56
Calculate the highest common factor of 1037 and 488.
61
What is the greatest common divisor of 4480 and 15?
5
What is the greatest common factor of 33 and 627?
33
What is the highest common divisor of 76 and 24092?
76
What is the highest common factor of 429 and 264?
33
Calculate the highest common factor of 87 and 21.
3
What is the greatest common factor of 6 and 114?
6
What is the greatest common divisor of 150 and 2400?
150
Calculate the greatest common divisor of 8 and 1.
1
What is the highest common factor of 23 and 1150?
23
What is the highest common divisor of 20 and 980?
20
What is the highest common factor of 9 and 873?
9
What is the greatest common factor of 69 and 598?
23
Calculate the greatest common divisor of 18 and 402.
6
Calculate the highest common factor of 285 and 114.
57
Calculate the highest common factor of 58 and 1711.
29
Calculate the highest common divisor of 2 and 166.
2
What is the highest common divisor of 46 and 29026?
46
What is the greatest common factor of 44 and 462?
22
Calculate the greatest common divisor of 328 and 2214.
82
What is the greatest common factor of 6 and 978?
6
Calculate the highest common divisor of 470 and 10.
10
What is the highest common factor of 3304 and 112?
56
What is the greatest common factor of 180 and 225?
45
Calculate the highest common factor of 170 and 425.
85
Calculate the highest common factor of 382 and 6303.
191
Calculate the greatest common factor of 54466 and 226.
226
Calculate the highest common divisor of 24 and 256.
8
Calculate the highest common divisor of 6447 and 21.
21
What is the highest common factor of 123 and 82?
41
Calculate the highest common factor of 4818 and 11.
11
What is the highest common factor of 108 and 135?
27
What is the greatest common divisor of 30 and 64770?
30
What is the highest common factor of 411 and 4384?
137
What is the greatest common factor of 87 and 261?
87
Calculate the greatest common divisor of 28593 and 81.
81
What is the highest common divisor of 220 and 40?
20
Calculate the highest common divisor of 2882 and 110.
22
What is the highest common factor of 21 and 1407?
21
What is the highest common factor of 88 and 368?
8
Calculate the greatest common divisor of 116 and 406.
58
What is the greatest common divisor of 44 and 41228?
44
What is the greatest common divisor of 272 and 68?
68
What is the highest common factor of 20 and 2590?
10
Calculate the highest common divisor of 374 and 55.
11
Calculate the highest common factor of 1722 and 42.
42
What is the highest common factor of 63 and 609?
21
What is the highest common factor of 3400 and 600?
200
Calculate the greatest common divisor of 217 and 3875.
31
Calculate the greatest common factor of 1300 and 416.
52
What is the highest common divisor of 3762 and 22?
22
Calculate the highest common divisor of 1 and 17.
1
Calculate the highest common divisor of 34 and 34.
34
Calculate the highest common divisor of 98 and 42.
14
What is the highest common factor of 60 and 3228?
12
Calculate the greatest common factor of 56 and 84.
28
Calculate the greatest common divisor of 589 and 93.
31
Calculate the greatest common divisor of 1744 and 144.
16
What is the highest common divisor of 14 and 924?
14
What is the highest common factor of 20 and 40620?
20
What is the highest common factor of 290 and 1682?
58
Calculate the greatest common factor of 18 and 4311.
9
What is the highest common divisor of 54 and 138?
6
Calculate the greatest common factor of 360 and 2760.
120
Calculate the greatest common factor of 1136 and 71.
71
Calculate the greatest common divisor of 198 and 126.
18
What is the greatest common factor of 4716 and 72?
36
What is the greatest common factor of 1887 and 555?
111
Calculate the highest common divisor of 116 and 2146.
58
Calculate the greatest common divisor of 1147 and 37.
37
What is the highest common factor of 48 and 14196?
12
Calculate the highest common factor of 329 and 7.
7
Calculate the highest common factor of 240 and 396.
12
What is the greatest common divisor of 8 and 5672?
8
What is the highest common factor of 20 and 13180?
20
What is the greatest common divisor of 414 and 4761?
207
Calculate the greatest common factor of 770 and 13640.
110
Calculate the greatest common divisor of 26 and 325.
13
Calculate the highest common divisor of 280 and 504.
56
Calculate the greatest common divisor of 10 and 810.
10
Calculate the highest common divisor of 184 and 24.
8
What is the greatest common factor of 28 and 44?
4
What is the highest common divisor of 17735 and 5?
5
What is the highest common factor of 495 and 55?
55
What is the greatest common factor of 2975 and 238?
119
Calculate the greatest common factor of 990 and 1210.
110
Calculate the greatest common divisor of 12 and 3072.
12
Calculate the highest common factor of 50 and 8.
2
What is the highest common factor of 2524 and 8?
4
What is the greatest common divisor of 385 and 33?
11
Calculate the greatest common divisor of 46 and 1564.
46
Calculate the greatest common factor of 1164 and 60.
12
What is the highest common divisor of 45 and 1770?
15
Calculate the greatest common factor of 414 and 54.
18
What is the highest common divisor of 62 and 248?
62
Calculate the highest common divisor of 308 and 88.
44
What is the highest common factor of 1083 and 95?
19
What is the greatest common factor of 504 and 216?
72
Calculate the highest common divisor of 36 and 2196.
36
Calculate the greatest common factor of 27 and 18.
9
Calculate the greatest common divisor of 24 and 564.
12
Calculate the greatest common factor of 14 and 343.
7
What is the highest common factor of 592 and 4?
4
What is the highest common divisor of 2720 and 17?
17
Calculate the greatest common divisor of 46 and 3818.
46
What is the highest common divisor of 137 and 685?
137
What is the greatest common factor of 556 and 2085?
139
Calculate the highest common factor of 6 and 237.
3
What is the greatest common factor of 16 and 100?
4
What is the highest common divisor of 7 and 49?
7
What is the highest common factor of 559 and 13?
13
What is the highest common divisor of 1128 and 72?
24
What is the highest common divisor of 9344 and 128?
128
What is the greatest common factor of 5 and 4205?
5
What is the greatest common factor of 244 and 2989?
61
What is the highest commo